of 3133471842?
1
What is the thousands digit of 18765088?
5
What is the thousands digit of 289133724?
3
What is the ten thousands digit of 58895598?
9
What is the hundred thousands digit of 79111505?
1
What is the millions digit of 10794625?
0
What is the millions digit of 261040437?
1
What is the hundreds digit of 1408314774?
7
What is the hundreds digit of 82028266?
2
What is the thousands digit of 117074?
7
What is the thousands digit of 251521074?
1
What is the tens digit of 1436832066?
6
What is the hundred thousands digit of 66618833?
6
What is the hundreds digit of 292976911?
9
What is the ten millions digit of 75456204?
7
What is the millions digit of 7297919?
7
What is the thousands digit of 681938620?
8
What is the hundreds digit of 2028623769?
7
What is the millions digit of 262421029?
2
What is the hundreds digit of 1147919519?
5
What is the thousands digit of 125503131?
3
What is the thousands digit of 209000751?
0
What is the hundred thousands digit of 60020500?
0
What is the hundred thousands digit of 118457183?
4
What is the thousands digit of 1861428047?
8
What is the tens digit of 56864224?
2
What is the ten millions digit of 3035232040?
3
What is the hundreds digit of 1068809363?
3
What is the ten millions digit of 207764428?
0
What is the ten millions digit of 20979384?
2
What is the ten thousands digit of 1716866430?
6
What is the thousands digit of 366738373?
8
What is the hundreds digit of 41658451?
4
What is the hundreds digit of 64692890?
8
What is the units digit of 44585341?
1
What is the hundred millions digit of 171192487?
1
What is the thousands digit of 1841427804?
7
What is the tens digit of 19194483?
8
What is the units digit of 545363075?
5
What is the hundred thousands digit of 29163287?
1
What is the millions digit of 59778008?
9
What is the hundreds digit of 44003173?
1
What is the units digit of 2975807852?
2
What is the units digit of 8418112?
2
What is the hundreds digit of 74606305?
3
What is the thousands digit of 154782393?
2
What is the tens digit of 1541487857?
5
What is the units digit of 64739391?
1
What is the ten millions digit of 219805139?
1
What is the units digit of 593940520?
0
What is the thousands digit of 37730116?
0
What is the thousands digit of 177055154?
5
What is the hundred thousands digit of 137107397?
1
What is the ten millions digit of 700508707?
0
What is the ten thousands digit of 64192065?
9
What is the thousands digit of 21729522?
9
What is the hundred thousands digit of 4698641109?
6
What is the thousands digit of 6790531308?
1
What is the ten thousands digit of 448058?
4
What is the ten thousands digit of 2834922?
3
What is the millions digit of 5566584677?
6
What is the hundred thousands digit of 936135255?
1
What is the hundred thousands digit of 40727378?
7
What is the ten millions digit of 47168598?
4
What is the units digit of 34428969?
9
What is the ten thousands digit of 5443558?
4
What is the tens digit of 68392351?
5
What is the ten thousands digit of 8940725?
4
What is the thousands digit of 2262589232?
9
What is the units digit of 524651912?
2
What is the ten thousands digit of 1148158912?
5
What is the ten millions digit of 78792142?
7
What is the thousands digit of 1377816312?
6
What is the hundreds digit of 37200155?
1
What is the hundred millions digit of 1370695486?
3
What is the ten millions digit of 167514672?
6
What is the ten millions digit of 389758817?
8
What is the millions digit of 82245885?
2
What is the hundreds digit of 273156085?
0
What is the tens digit of 4589358650?
5
What is the hundred thousands digit of 1867718826?
7
What is the tens digit of 79028646?
4
What is the tens digit of 60860954?
5
What is the hundreds digit of 50374725?
7
What is the tens digit of 48896088?
8
What is the ten millions digit of 295175386?
9
What is the hundred thousands digit of 33393779?
3
What is the ten thousands digit of 85229114?
2
What is the tens digit of 96582249?
4
What is the hundred millions digit of 258914256?
2
What is the units digit of 403649638?
8
What is the ten millions digit of 3351221147?
5
What is the units digit of 930668795?
5
What is the units digit of 846889971?
1
What is the tens digit of 85303234?
3
What is the tens digit of 334506432?
3
What is the tens digit of 46552223?
2
What is the ten millions digit of 32274156?
3
What is the hundred thousands digit of 2633210440?
2
What is the units digit of 197906571?
1
What is the millions digit of 265863095?
5
What is the units digit of 4082423425?
5
What is the ten thousands digit of 2602062839?
6
What is the millions digit of 1157629705?
7
What is the tens digit of 43613103?
0
What is the tens digit of 53912209?
0
What is the hundreds digit of 23100597?
5
What is the ten thousands digit of 465357253?
5
What is the ten thousands digit of 52529506?
2
What is the hundred millions digit of 131074105?
1
What is the hundred thousands digit of 1653842299?
8
What is the units digit of 119149137?
7
What is the hundreds digit of 15951525?
5
What is the units digit of 30018459?
9
What is the thousands digit of 657520725?
0
What is the millions digit of 730220546?
0
What is the thousands digit of 3600085?
0
What is the units digit of 64562216?
6
What is the ten millions digit of 632030861?
3
What is the ten thousands digit of 1300913107?
1
What is the thousands digit of 1545817?
5
What is the hundred millions digit of 282306512?
2
What is the hundreds digit of 82366819?
8
What is the tens digit of 2333686645?
4
What is the units digit of 116795905?
5
What is the tens digit of 171930067?
6
What is the millions digit of 35306237?
5
What is the millions digit of 1334983931?
4
What is the hundred millions digit of 1695117100?
6
What is the units digit of 58290349?
9
What is the hundred millions digit of 294608047?
2
What is the thousands digit of 1571623326?
3
What is the tens digit of 19019421?
2
What is the hundreds digit of 59565148?
1
What is the ten millions digit of 17203199?
1
What is the millions digit of 37360768?
7
What is the units digit of 118927928?
8
What is the thousands digit of 81972929?
2
What is the tens digit of 17420853?
5
What is the thousands digit of 8499350?
9
What is the billions digit of 5472395722?
5
What is the hundred thousands digit of 342234545?
2
What is the millions digit of 283479354?
3
What is the millions digit of 104351496?
4
What is the thousands digit of 100471011?
1
What is the hundreds digit of 4191472?
4
What is the units digit of 33689214?
4
What is the hundred millions digit of 5788221786?
7
What is the hundred thousands digit of 30348747?
3
What is the millions digit of 962325210?
2
What is the units digit of 610454477?
7
What is the thousands digit of 2581270313?
0
What is the ten thousands digit of 347323308?
2
What is the ten millions digit of 684701140?
8
What is the billions digit of 1696970573?
1
What is the millions digit of 8946238?
8
What is the ten millions digit of 29149991?
2
What is the units digit of 18952100?
0
What is the hundreds digit of 6016892795?
7
What is the ten millions digit of 2680045017?
8
What is the units digit of 128426970?
0
What is the hundred thousands digit of 225547863?
5
What is the thousands digit of 274373750?
3
What is the thousands digit of 45578402?
8
What is the tens digit of 29569006?
0
What is the millions digit of 216745364?
6
What is the tens digit of 397080716?
1
What is the billions digit of 7972440592?
7
What is the hundred thousands digit of 303014466?
0
What is the hundred millions digit of 3980939192?
9
What is the ten millions digit of 68127393?
6
What is the units digit of 47217510?
0
What is the hundred millions digit of 4314953137?
3
What is the millions digit of 1083231587?
3
What is the ten thousands digit of 435935110?
3
What is the hundred millions digit of 1044223885?
0
What is the units digit of 1652527?
7
What is the tens digit of 55636733?
3
What is the thousands digit of 469094825?
4
What is the ten millions digit of 506888843?
0
What is the millions digit of 175522127?
5
What is the hundred thousands digit of 288884340?
8
What is the hundred thousands digit of 54921593?
9
What is the hundred thousands digit of 3330357894?
3
What is the hundred thousands digit of 1181973053?
9
What is the tens 